+ 46. List the prime factors of r(n).
3, 5
Suppose -2*b - 2 - 2 = 0. Let y be b/3 + (-40)/(-15). Suppose -y*q = q - 4*a, -2*a = -2*q + 2. What are the prime factors of q?
2
Let f(h) = 39*h + 25. Let p be f(9). Suppose 2*m = -3*u + p - 72, -2*m = 5*u - 504. List the prime factors of u.
2, 5
Suppose 5*f + z + z - 420 = 0, -5*f + 420 = -4*z. Suppose 48 = 2*a - b, 4*a + 2*b - f = 7*b. List the prime factors of a.
2, 13
Let n be (-4)/(-6) + 6/18. Suppose -4*a + 5*c + 15 = -n, 4*c = -4*a + 52. List the prime factors of 48/a*21/4.
2, 7
Suppose 2*z = -5*z + 14. Suppose -2*w = -5*s, 0*w + 2*w = z*s + 6. Suppose -t + 4*t = -3*n + 171, -n = -s. What are the prime factors of t?
5, 11
Suppose 0 = -5*o + 558 + 62. Let x(l) = 3 + 3 + 127*l + 2 - o*l. List the prime factors of x(8).
2
Let h(s) = -s**3 - 8*s**2 + 9*s + 1. Let n be h(-9). List the prime factors of 0/n - 729/(-9).
3
Let y be (0 - -1)/(6/18). Let w be (3 - 5 - -7) + y. What are the prime factors of (18/(-4))/((-3)/w)?
2, 3
Let l be (-333)/(-117) + 2/13 - -2. Suppose -l*f = -11*f + 828. List the prime factors of f.
2, 3, 23
Let l = 846 + 927. List the prime factors of l.
3, 197
Suppose 0 = 3*t - 3, -3*o - 3*t = -969 - 2835. What are the prime factors of o?
7, 181
Let m = -8 - -12. Suppose -2*j - 158 = -m*g, 0*g - 4*j - 36 = -g. Suppose -7*i + g = -2*i. List the prime factors of i.
2
Let q be 7 - ((-1)/(-6) - (-23)/6). Suppose -u + w = -11, -q*w + 1 + 1 = 2*u. List the prime factors of u.
7
Suppose 2*w + 3*w - 600 = 0. Suppose 5*p + w = p. List the prime factors of 1/5 + (-834)/p.
2, 7
Let l = -3 - -5. Suppose 0 = 4*u - 5*v - 217 - 112, 0 = 5*u + l*v - 370. What are the prime factors of u?
2, 19
Suppose 16*j = -3*j + 19760. List the prime factors of j.
2, 5, 13
Suppose 3*n - 5*v - 23 = 0, 3*v - 7*v = 4*n - 52. Let y(o) = 19*o - 15. List the prime factors of y(n).
2, 97
Let h = -29 - -41. Let w(t) = t**2 - 13*t + 14. Let m be w(h). Suppose m*k = -3*k + 50. List the prime factors of k.
2, 5
Suppose -35*q = -91*q + 17472. What are the prime factors of q?
2, 3, 13
Suppose -10*r + 18 = -8*r. Let h = r + 42. List the prime factors of h.
3, 17
Let t = -20 + 25. Let n be (-1 - -5) + (-1 - 1). What are the prime factors of t + (n - 4/4)?
2, 3
Let n be (-2 - 0)*(-14)/4. Suppose -5*i = -n*i + 8. Suppose 14 = 2*g - i. What are the prime factors of g?
3
Suppose -95*z - 3732 = -98*z. What are the prime factors of z?
2, 311
Suppose -5*z + 3 = -12. Let x(c) = 6*c. List the prime factors of x(z).
2, 3
Let t = -9 + 15. Suppose 3*s - 5*c - 10 = 0, s + 2*c + 23 = t*s. Suppose 15 = s*p, -o + 3 = -2*p + 4. What are the prime factors of o?
5
Let a = 3 - 31. Let n = a - -44. List the prime factors of n.
2
Suppose -5*h = 2*n - 623, -5*n + 1542 = -0*h - 3*h. List the prime factors of n.
3, 103
Suppose -v + 255 + 602 = 2*s, 4*v + 2123 = 5*s. List the prime factors of s.
7, 61
Let d(z) = -6*z - 8. Let j be d(-9). Let k = j - -24. List the prime factors of k.
2, 5, 7
Let p = 7 + -17. Let b(q) = 4*q**2 - 2*q + 1. Let y be b(1). List the prime factors of (15/p)/(y/(-56)).
2, 7
Suppose -4317 - 5623 = -28*k. What are the prime factors of k?
5, 71
Let o(r) be the second derivative of r**3/3 - 15*r**2/2 - 10*r. Let a be o(7). What are the prime factors of 1*(3 - a - -43)?
47
Let h(m) = -m**3 - 10*m**2 + 11*m + 12. What are the prime factors of h(-13)?
2, 47
Suppose 289 = 3*j - 32. Let v = -17 + j. What are the prime factors of v?
2, 3, 5
List the prime factors of 4*1 + (-726)/(4/(-4)).
2, 5, 73
Let g(s) = -s**2 - 9*s - 3. Let y be g(-8). Let m = -100 - -121. Suppose -y*l + 39 + m = 0. List the prime factors of l.
2, 3
Suppose -2*q = -4*u + 3*q + 6629, 6622 = 4*u + 2*q. List the prime factors of u.
2, 3, 23
Suppose 0 = -a - a - 2. Let y be 3 + 0 + a + -11. List the prime factors of 84/(-2)*y/18.
3, 7
Let p be 2/(-3)*(3 - 30). Let c = p - 15. Suppose -30 = -c*j - 2*j. List the prime factors of j.
2, 3
List the prime factors of 1102 - 4 - 10 - (6 - 1).
3, 19
Let b = -1 - -5. Suppose -b*j = j - 20. Suppose 5*m - 2*a = 105, -2*a + 109 = 5*m + j. List the prime factors of m.
3, 7
Let o = 65 + -126. Let g = o - -125. List the prime factors of g.
2
Let s(n) = n**3 - 4*n - 12. Suppose 40*d = 35*d + 25. What are the prime factors of s(d)?
3, 31
What are the prime factors of 4 + 822 + (-4)/12*-6?
2, 3, 23
Let f be 18/(-54)*(-27)/1. Let r be (f - 2) + (-1 - 2). Suppose -x = 2*x + 2*z - 144, 0 = 2*x - r*z - 80. What are the prime factors of x?
2, 23
Suppose 5*r + 611 = 2*s + 2*r, -2*s - 3*r = -605. Suppose -3*m - s = -4*c + m, 0 = 3*c - 2*m - 228. List the prime factors of 1/(-3) - c/(-3).
5
Let x(s) = 30*s - 19. What are the prime factors of x(3)?
71
Suppose -5*s + 1080 = 385. Let m = s + -80. Let n = m - 41. What are the prime factors of n?
2, 3
Let k(m) = 36*m - 1. Let q be k(-1). Let x = q - -62. Let v = -6 + x. What are the prime factors of v?
19
Suppose 0 = i + 2*i - 6. What are the prime factors of ((-2)/(-3))/(i/81)?
3
List the prime factors of (-9)/((-36)/8)*(-7 - -893).
2, 443
Let r(k) = 41*k**3 - 2*k + 1. Let g be 158/18 + (-18)/(-81). Let x = -8 + g. List the prime factors of r(x).
2, 5
Suppose 3*q = -x + 606, 5*x + 636 = 6*x - 3*q. What are the prime factors of x?
3, 23
Let k(v) = 2*v**2 + 9*v - 6. Suppose 2*j + 60 = -5*w, 8 = 2*w + j + 33. List the prime factors of k(w).
2, 13
Let c = -63 + 64. What are the prime factors of 1/(-2)*-562*c?
281
Let s = 953 + -75. What are the prime factors of s?
2, 439
Suppose -3*g - i + 1561 = 0, 2*g - 4*i = -8*i + 1054. What are the prime factors of g?
3, 173
Suppose -3*l = -5*a - 1720, -4*l + 9*a + 2250 = 11*a. What are the prime factors of l?
5, 113
Suppose -10*i = -7*i - 1083. What are the prime factors of i?
19
Let t(p) = -p**3 - 2*p**2 - p. Let h be t(-2). Suppose -y - 89 = -h*k + 21, 4*y + 62 = k. What are the prime factors of k?
2, 3
Let i(s) = s**3 + 12*s**2 - 9*s - 16. What are the prime factors of i(-7)?
2, 73
Suppose -5*u - 97 + 357 = 0. Let d = u - -32. List the prime factors of d.
2, 3, 7
Suppose -p - 3 = 0, 5*d - 67 = -p + 30. Suppose 3*x = 7*x - d. List the prime factors of x.
5
Let b = -34 - -26. Let h be -2 - (-2 - -2 - 0). What are the prime factors of 74*(12/b - h)?
37
Let k be (4/(-2))/(3/(-12) - 0). Suppose -k*p + 2*p = -108. What are the prime factors of p?
2, 3
Let v be ((-2)/(-7))/((-100)/35 + 3). Suppose -10*h - w = -7*h - 325, 0 = 3*h - v*w - 322. List the prime factors of h.
2, 3
Suppose 0 = -2*a - 4, -16 - 18 = -p + 5*a. Let d = -6 + p. Let r = d - 7. List the prime factors of r.
11
Let q = 1371 - -584. Suppose 13*p - 47 = q. List the prime factors of p.
2, 7, 11
Suppose n + 7*f - 330 = 12*f, -2*n + 684 = -4*f. List the prime factors of n.
2, 5, 7
Let n(h) = -3*h**2 - 34*h - 29. Let f(o) = 2*o**2 + 17*o + 15. Let z(i) = 7*f(i) + 4*n(i). What are the prime factors of z(15)?
2, 23
Suppose 189 = o + 4*b, -2*b - 175 = -o + b. Suppose -11*f = -28 - o. What are the prime factors of f?
19
Suppose o - 3381 = -6*o. List the prime factors of o.
3, 7, 23
Let h = -50 + 49. Suppose 2*o = 2*d + o - 15, 5*o = -25. Let v = d - h. What are the prime factors of v?
2, 3
Let g = 753 - 537. What are the prime factors of g?
2, 3
Let l = 0 + 4. Suppose 0 = 17*s - 25*s + 240. Suppose -3*j + s = -l*a, 5*j + a - 45 = 2*j. What are the prime factors of j?
2, 7
Let c = 789 + -522. What are the prime factors of c?
3, 89
Let m = 32 + -30. Suppose 4*k + 66 = m*k. Let q = 90 + k. What are the prime factors of q?
3, 19
Suppose 5*r - 4*q = q - 55, 15 = -3*r - 3*q. Let w be (18 + r)*(-2)/(-5). Suppose -3*t + 0*t - 114 = -5*g, -5*g - w*t = -128. List the prime factors of g.
2, 3
Suppose -o - 2*b + 2041 = -b, -o + 2039 = 2*b. What are the prime factors of o?
3, 227
Suppose -v + 30 = 2*v + 4*i, i = v - 10. Suppose -6*w + 16 = -v*w. What are the prime factors of w/18 + 9272/171?
2, 3
Suppose -5*i = -0*h - 3*h - 13, -5*i = -2*h - 17. Suppose 50 = f + h*f. Suppose 0 = -6*l + 4*l + f. List the prime factors of l.
5
Suppose -5*w = -4*q - 13, -4*q = 4*w - w - 27. Suppose -21*g - 60 = 66. List the prime factors of ((-25)/2)/(q/g).
5
Let h = -1854 - -3367. List the prime factors of h.
17, 89
Let g = -646 + 431. Let c = 301 + g. List the prime factors of c.
2, 43
Let n = 144 + -100. List the prime factors of n.
